q = 4*k + 324, 5*k + 421 = -q - 2*q. Let j = k + 87. Calculate the remainder when 26 is divided by j.
2
Let f = -68 - -97. Suppose -2*i + f = -i. Calculate the remainder when i is divided by (-1 - 2)*30/(-9).
9
Let s(t) be the third derivative of t**5/60 - t**4/12 + 2*t**3 - 11*t**2. Calculate the remainder when s(0) is divided by -2 + -1 + 2 + 8.
5
Suppose 4*q + 2*m - 1396 = 0, 367 = -11*q + 12*q - 4*m. What is the remainder when q is divided by 45?
36
Let i be ((-160)/15)/(6/(-9)). Suppose 2*h + 2*h - 5*v = i, 3*v = 5*h - 33. Suppose -13*a + 272 = -h*a. What is the remainder when a is divided by 23?
22
Suppose -3*l = -5*l + 90. Calculate the remainder when ((-30)/l)/(2/(-156)) is divided by 14.
10
Suppose 2*w - 5*r = -0*w + 28, -3*w + 3*r + 42 = 0. What is the remainder when 151 is divided by w?
11
Suppose -47 - 13 = 5*y. Let r = -24 - y. What is the remainder when (-25 + 1)*r/16 is divided by 7?
4
Suppose c = -3*z - 1, -7*c + 4*c + 5 = 5*z. Calculate the remainder when 67 is divided by (110/(-44))/(z/28).
32
Let w be -1 - (2 + -1 + -8). Let o(s) = 2*s**2 - 9*s + 5. Calculate the remainder when o(w) is divided by 6 + (5 - (6 - 3)).
7
Let y be 7*-1*(-1510)/35. Suppose w - y = 4. Let r = w - 175. What is the remainder when r is divided by 33?
32
What is the remainder when 54 is divided by (33 - 21)*7/6?
12
Let q = 350 - 265. What is the remainder when 181 is divided by q?
11
Let p(x) = 7*x**3 - 2*x**2 + 1. Suppose 0*t = 5*t. Suppose -4*r - 5*g + 73 = -0*r, -4*r + 2*g + 94 = t. Calculate the remainder when r is divided by p(1).
4
Let c be 0/((-2)/(-4)*2). Suppose c = 6*f + 88 - 262. Let a = 31 - f. Calculate the remainder when 4 is divided by a.
0
Suppose 4*v = v + 15. Suppose 30 + 45 = v*d. What is the remainder when 28 is divided by d?
13
Let g = -37 + 45. Suppose -g*u + 46 + 2 = 0. Calculate the remainder when 20 is divided by u.
2
Let s(m) = 4*m**2 - 1. Let h be (-4 + 3)*(0 - 1). Let q be s(h). Calculate the remainder when ((q - 32) + -4)*-1 is divided by 12.
9
Let w(g) = -42*g - 43*g + 80*g + g**3 + 0*g**3 + 8*g**2 - 21. Calculate the remainder when w(-6) is divided by 28.
25
Let v = 1 - -5. Let i(s) = s**2 - 8*s - 24. Let a be 12 + (-8 - -4) + 3. Calculate the remainder when i(a) is divided by v.
3
Suppose n - 3 = 4*y, 7*n = 4*n - 4*y + 57. What is the remainder when 70 is divided by n?
10
Suppose 3*v + 6*n - 5*n - 124 = 0, 25 = -5*n. What is the remainder when v is divided by 16?
11
What is the remainder when 422 is divided by (3 - (-20 + 5)) + -1 - 0?
14
Calculate the remainder when 17/34 - 247/(-2) is divided by 21.
19
Suppose 5*t + 5 = 0, 0 = -k + 5*k - t - 13. Suppose k*b - 6*b = 12. Calculate the remainder when 19 is divided by (8 - -2) + 1 + b.
5
Let p be ((-147)/15 - 3)*-5. Let s = p + -25. Calculate the remainder when s is divided by -12*(4/3 + -2).
7
Suppose 4*h - 52 = -f, 2*f - 4*h - 37 - 7 = 0. Calculate the remainder when f is divided by 5.
2
Let o(w) = w**3 + w**2 - 10*w - 2. Let b be o(-3). Calculate the remainder when 22 is divided by (-3)/(-15)*-16*b/(-4).
6
Let y(l) = 12*l**2 + 19*l - 43. What is the remainder when 243 is divided by y(3)?
121
Suppose 277 = 3*j - 194. What is the remainder when j is divided by 36?
13
Suppose -u + 2*h = h - 11, -2*h = -3*u + 34. Suppose -6*j + 84 = 6*j. What is the remainder when u is divided by j?
5
Suppose 17*b = 494 + 662. What is the remainder when 261 is divided by b?
57
Let g(u) be the first derivative of u**4/4 - 2*u**2 + 3*u + 1. Suppose -4*f + 12 - 4 = 0. What is the remainder when 9 is divided by g(f)?
0
Let a(c) = -29*c**3 + c**2. Let z be a(-1). Calculate the remainder when 44 is divided by 12/z - 46/(-10).
4
Let c be 2 + (-562)/(-3) - (-30)/45. Suppose -8*v + c = 2*v. Calculate the remainder when 35 is divided by v.
16
Suppose -g + 3*g = 0. Let l be g*(0 + 4/8). Suppose 0*y - 4*y + 64 = l. What is the remainder when 61 is divided by y?
13
Let g(a) = 50*a - 75. Calculate the remainder when g(5) is divided by 33.
10
Suppose -t = -0 - 3. Let h = -186 - -188. Calculate the remainder when t is divided by h.
1
Suppose -4*n - 51 + 191 = 0. What is the remainder when 95 is divided by n?
25
Suppose 4*c = -20, 3*a - 4*c + 3*c - 23 = 0. Let r = a + -1. Suppose 132 = 3*w - 3*d, 4*w - 232 = -r*d - 29. What is the remainder when w is divided by 24?
23
Let a = -1 + 4. Suppose -t = -a*o - 4*t + 21, 16 = -4*t. Let j = 24 + 7. Calculate the remainder when j is divided by o.
9
What is the remainder when 26 is divided by (-4)/8 + 2 + (-11)/(-22)?
0
Let h(c) = 6*c - 3. Suppose -5*a - 24 = -7*a. Let p be h(a). Suppose 5*t = -3*s + p, t - 3*s + 8 - 29 = 0. Calculate the remainder when t is divided by 4.
3
Calculate the remainder when (5782/(-294))/(1/(-3)) is divided by 36.
23
Suppose -3*d = 3*o - o, 4*d = -o. Suppose 5*a - 42 - 48 = o. Calculate the remainder when a is divided by 5.
3
Let j(g) = -7*g**2 + 9*g + 1. Let f be j(3). Let i = 38 + f. What is the remainder when 8 is divided by i?
2
What is the remainder when 182 is divided by (3 - 4)/((-2)/(0 - -38))?
11
Suppose 23*i + 35*i - 2842 = 0. Calculate the remainder when 166 is divided by i.
19
Suppose -2*f + 3*f + 95 = 2*v, -2*v - 410 = 4*f. Let p = 123 + f. What is the remainder when 76 is divided by p?
10
Suppose 3*n - 27 = 18. Let y(c) = -c**2 + 9*c + 6. What is the remainder when y(4) is divided by n?
11
Let a(n) = -69*n + 423. What is the remainder when a(4) is divided by 37?
36
Let k be 8/12 + (-8)/12. Let m = k - -2. Suppose c + 36 = 3*a - 26, a - 16 = -m*c. What is the remainder when a is divided by 11?
9
Let c = -41 + 85. What is the remainder when c is divided by 10?
4
Suppose -75 + 530 = 7*f. Calculate the remainder when 322 is divided by f.
62
Suppose 5*i = 4*n + 86, n + 7 = i - 10. Let l = i + -39. Let q = -17 - l. What is the remainder when 9 is divided by q?
1
Suppose 0*n - g = 5*n - 855, n - 171 = 3*g. What is the remainder when -1 - n/(-6) - (-2)/(-4) is divided by 6?
3
Let i(d) be the first derivative of -2*d**3/3 - 2*d**2 - d - 1. Let r be i(-4). Let f = -9 - r. What is the remainder when f is divided by 5?
3
Let v = 1106 - 1053. Calculate the remainder when 258 is divided by v.
46
Suppose -4*z + 3*r = -17, -1 = 2*z - 3*r - 8. Let a = 263 - 255. Calculate the remainder when a is divided by z.
3
Suppose -3*x + 4*m + 531 = 0, 5*x - m = 7*x - 343. Calculate the remainder when x is divided by 22.
19
Suppose 29*p - 24*p - 120 = 0. What is the remainder when p is divided by 5?
4
Suppose -4*j = 13 - 5. Let a be (-43 + 1)*j/1. Suppose -2*m + a = 2*d, -4*d - 2*m = -0*m - 170. What is the remainder when d is divided by 11?
10
Let t(q) = 4*q**3 - 1. Let c be t(1). Let v = c + 11. Let l(z) = -z**3 - 7*z**2 - 9*z - 10. What is the remainder when v is divided by l(-6)?
6
Let x(l) = 7*l**2 + 12 + 7*l**2 - 13*l**2. Calculate the remainder when 36 is divided by x(3).
15
Let t(w) = w**2 + 5*w - 3. Let n(s) = 2*s**2 - 23*s - 12. Let m be n(12). Suppose m = -y - y + 38. What is the remainder when y is divided by t(-7)?
8
What is the remainder when 2 + (4 + -3 - -181) is divided by 64?
56
Let j(q) = -q + 6. Let f = -12 + 22. Let a be j(f). Calculate the remainder when (-2)/a - 46/(-4) is divided by 8.
4
Let b(a) = 15*a**2 + 8*a - 3. Let v be b(-4). Suppose v = -20*f + 25*f. Suppose -3*x + 26 = -16. What is the remainder when f is divided by x?
13
Calculate the remainder when 17 + 48/6 - -3 is divided by (9 + 0)*(-8)/(-12).
4
Suppose 12 - 8 = 2*u. Suppose 0 = g + u*n - 18, 3*n = 2*g - 13 - 2. What is the remainder when g is divided by 3?
0
Suppose 7*t - 39 = 4*t. Suppose x = 6*x - 440. What is the remainder when x is divided by t?
10
Calculate the remainder when 9/36 + (-247)/(-4) is divided by (-65)/(-2)*42/105.
10
Suppose 2139 = 9*t + 1959. Calculate the remainder when 50 is divided by t.
10
Let j be (45 - 0) + (0 - 2). Let f = j + -30. What is the remainder when 51 is divided by f?
12
Let p(g) = 4*g**2 + 7*g + 20. What is the remainder when p(-3) is divided by 11?
2
Suppose -3 = -3*s + 6. Suppose 0 = -3*x + 5*b - 49 + 159, s*x = 2*b + 125. Let k(g) = 3*g**3 - 6*g + 11. Calculate the remainder when x is divided by k(2).
22
Let y(c) = -c**2 + 47*c + 467. What is the remainder when 753 is divided by y(55)?
24
Let f(q) = q**2 - 2*q + 12. Calcu